2 + 18921/187.
101
Let d(m) = 58*m + 237. Let t be d(-4). Suppose 0 = -t*i + 5*b + 5125, -4*i - 3*b + 4*b + 4106 = 0. What are the prime factors of i?
13, 79
Let p(z) = 12*z**2 + 58118 - 3*z - 2*z**3 + z**3 - 58125. Suppose n = w - 6, -4*w + 39 = -0*n - n. List the prime factors of p(w).
3
Let j = 86 - 66. Let f be 28/((-5)/j*2). Let n = -41 - f. What are the prime factors of n?
3, 5
Suppose 4*u = -3*r + 48805, -13*u + 15*u + 16265 = r. List the prime factors of r.
16267
Let w(i) = i**3 - 13*i**2 - 15*i + 15. Let u be w(15). Let m be (-11 + u)/(1 + 0). Suppose -5*r + 1114 = m. What are the prime factors of r?
3, 59
List the prime factors of (((-12)/4)/((-6)/(-2)))/(5/(-21230)).
2, 11, 193
Let d be -2 + 8/4 + 3. Let n(s) = 41*s**2 - s - 10. What are the prime factors of n(d)?
2, 89
Let a(o) = 9*o - 29. Let d be a(13). Suppose s - d = 41. Let h = s + -76. List the prime factors of h.
53
Let f(m) = -m**2 - 13*m + 3. Let r be 2/(-2)*13 - -3. Let i be f(r). Suppose i*b = 38*b - 35. What are the prime factors of b?
7
Let m(f) = 276*f**2 - f - 1. Let a be (-33)/99 + (-5)/3 + 1. List the prime factors of m(a).
2, 3, 23
Suppose -38806 - 35219 = 263*u - 278*u. List the prime factors of u.
3, 5, 7, 47
Let d(a) = 18*a**2 - 201*a - 58. List the prime factors of d(-18).
2, 587
Suppose 0 = -31*y + 11683 + 23316. List the prime factors of y.
1129
What are the prime factors of (-8 + (-10760 - 17))/(0 + -1)?
3, 5, 719
Let b(z) = 25*z**2 - 12*z + 2. Let h(p) = p**3 + 40*p**2 + 3*p + 122. Let x be h(-40). What are the prime factors of b(x)?
2, 3, 13
Suppose 0 = -16*i + 15 + 17. Suppose -3*n - 3585 = -6*n. Suppose -i*x + n = 5*k + 488, 3*x = -k + 131. List the prime factors of k.
11, 13
Suppose 0 = 31*q - 98*q - 45*q + 2647904. What are the prime factors of q?
2, 11821
Suppose -82*s + 79*s = 24. List the prime factors of (-2 - -896)*((-64)/s - 7).
2, 3, 149
Let t = 16586 - -14995. List the prime factors of t.
3, 11, 29
Suppose 2*r - 5*r + 108 = 0. Let x = r + -24. List the prime factors of x.
2, 3
Let q(n) = 5*n**2 + 4*n - 2. Let j be q(3). Suppose 0 = -18*k - 197 - 415. Let v = k + j. List the prime factors of v.
3, 7
Let s be (-50)/35 + (-15)/(-35). List the prime factors of 22/33 + s + (-7374)/(-9).
3, 7, 13
Let l = -64 + 70. Suppose -6 + l = -2*o. What are the prime factors of (-1)/(o + 1/(-71))?
71
Let m(j) = 2805*j**2 + 6*j + 6. List the prime factors of m(-1).
3, 5, 11, 17
Let j(c) be the third derivative of c**6/120 + c**5/5 - c**4/2 + 13*c**3/3 - 4*c**2 + 9. List the prime factors of j(-13).
13
Let w(s) = 55*s - 17. Suppose -6*m + m = -p + 8, 2*m - 1 = -p. List the prime factors of w(p).
2, 37
Suppose 0 = -5*s + 5*d + 69215, -5*s + 69215 = 39*d - 31*d. List the prime factors of s.
109, 127
Suppose 2*w - 9*w + 17505 = -4*w. What are the prime factors of w?
3, 5, 389
Let d(m) = -7*m**2 + 5*m + 3. Let r be d(4). Suppose 7*o - 139 - 897 = 0. Let q = o + r. What are the prime factors of q?
59
Suppose -z - 1334 = -5*g + 2*z, -g + 2*z + 271 = 0. Suppose -344 = 2*b - 3*w - 909, -b - 2*w = -g. List the prime factors of b.
5, 11
Suppose 6*w - 5*x = 138150, -10*w = -12*w + 4*x + 46064. List the prime factors of w.
2, 5, 1151
Suppose -973652 + 306361 = -34*c + 670779. List the prime factors of c.
5, 17, 463
Let g be (-60)/(-330) - 29300/(-22). Suppose 5*l + 153 + 201 = c, -4*c - l = -g. List the prime factors of c.
2, 167
Let w = -46410 + 66781. List the prime factors of w.
13, 1567
Let x(j) = -60*j**2 + 17*j + 47. Let f be x(-4). Let u = f + 1405. What are the prime factors of u?
2, 53
Suppose -249*a = -71*a - 131219 - 4024369. What are the prime factors of a?
2, 3, 1297
Suppose 5*a - i = -6650, 5*a + 28*i = 23*i - 6620. Let o = 2391 + a. What are the prime factors of o?
2, 3, 59
Let v(a) = -4*a + 19. Let i be v(-10). Let f = i + -55. Suppose 0 = c + 3, f*u + 3*c - 106 = 89. What are the prime factors of u?
3, 17
Let f = 275 + -154. Let c = 382 + f. List the prime factors of c.
503
Suppose -4*j + 19067 = 3*g, -2*j = 16*g - 14*g - 9534. List the prime factors of j.
2, 2383
Suppose -10*r + 26366 = -17224. List the prime factors of r.
3, 1453
Suppose 3*v - 31 = 5*k - v, -v = k - 1. List the prime factors of 52*9 - (k + 7 - 0).
2, 29
Let s = 770 - 197. Suppose -4*z = -z + 3*r - s, -z - 2*r = -191. List the prime factors of z.
191
Suppose 2*q - 15 - 17 = -4*d, 0 = 5*q - 5*d - 95. Suppose 3*h - q = -h + 2*v, -1 = 2*h + v. Suppose -123 - 95 = -h*c. What are the prime factors of c?
109
Suppose 4*d + 133*x = 134*x + 57783, 0 = 4*d - 2*x - 57790. What are the prime factors of d?
2, 23, 157
Let c(d) = 15*d**2 + 0*d - 2*d**2 + 18 + d. Suppose -o = -w, -2 = -2*w + 3*o + 2. List the prime factors of c(w).
2, 3, 37
Let w(k) = 3 + 0 + 19*k + 3*k**2 - 24*k. Let r be w(2). Suppose -j + r*o = -6 - 47, 2*j = -o + 95. List the prime factors of j.
2, 3
Let v be (960/78)/2 - 4/26. Suppose 120 = v*o - 2*o. List the prime factors of o.
2, 3, 5
Suppose -5*o = 2*l - 37181, -88*o - 14876 = -90*o - 2*l. List the prime factors of o.
5, 1487
Let l = 26 + -5. Let i = 15 + l. What are the prime factors of (-16)/(-9) + -2 + 764/i?
3, 7
Suppose 2*t - 2*m + 5810 = 0, 0*t = 3*t + 5*m + 8731. Let n = -50 - -34. List the prime factors of 2/n + t/(-24).
11
Let u(q) = q**2 - 2*q - 8. Suppose -8*f - 16 = -0*f. Let y be u(f). Suppose -4*s - 3*p = -194, y*s + 2*p = s - 54. List the prime factors of s.
2, 5
Let b(l) be the first derivative of l**3 - 2*l**2 - 2*l - 417. Let p be 5 + 2 + (-2 - -1). List the prime factors of b(p).
2, 41
List the prime factors of (-4)/26 + (-5105716)/(-286).
2, 4463
Let v(b) = 197*b - 1353. What are the prime factors of v(65)?
2, 7, 409
Suppose 0 = 2*b - 245 + 21. Suppose b = -63*s + 64*s. What are the prime factors of s?
2, 7
Suppose 232*d + 38*d - 1946314 - 4299326 = 0. What are the prime factors of d?
2, 5783
Suppose -12*y - 15 + 39 = 0. Suppose 0 = -3*s - 5*f + 2959, -4*s + 3954 = -4*f + y*f. List the prime factors of s.
2, 13, 19
What are the prime factors of (576/45)/(-8) + 360772/20 + -2?
5, 3607
Let s(q) be the first derivative of -7*q**4/2 + 13*q**3/6 - 3*q**2/2 - 30. Let u(h) be the second derivative of s(h). What are the prime factors of u(-2)?
181
Let a(c) = -90*c + 31*c + 36*c - c**2 - 39. List the prime factors of a(-20).
3, 7
Suppose 0 = 8*n - 3*n + 3*b - 49, 2*b + 34 = 5*n. Suppose n*w + 1188 = 12*w. What are the prime factors of w?
3, 11
Let r = -4987 + 3091. Let j = -1063 - r. List the prime factors of j.
7, 17
Let u(t) = 17*t + 45. Let p(d) = 19*d + 44. Let y(k) = 5*p(k) - 6*u(k). Let m(z) = -2*z - 3. Let b be m(8). List the prime factors of y(b).
83
Suppose 0 = -4*z - z + p + 250539, -5*p = z - 50139. List the prime factors of z.
3, 16703
Suppose 4*v = 16, -4*p + 7*p + 3*v = 21. Suppose 4*u = 5*d + 27, 0 = -6*d + p*d + u - 12. List the prime factors of d/6 + 18/4.
2
Let n be ((-2)/(-4))/((-4)/(-24)). Suppose 0 = 5*w - n*y - 22, 3*w - 2*y - y = 12. Suppose 526 = w*v + 191. What are the prime factors of v?
67
Let y be (17 - 21)*1/2. Let c(k) = -91*k**3 + 5*k**2 + 6*k + 2. List the prime factors of c(y).
2, 3, 41
Let l(m) = 107*m - 1386. What are the prime factors of l(90)?
2, 3, 229
Suppose 3073*h - 3085*h = -129600. List the prime factors of h.
2, 3, 5
Let m(a) = 3*a - 19*a - 1 + 14*a**2 + 0. Let x be m(-11). List the prime factors of x/27 + 10/(-45).
3, 23
Let j = 522 + -593. Let m = j + 794. List the prime factors of m.
3, 241
Suppose -3*l = 4*o - 2987, -169*o + 166*o = -15. What are the prime factors of l?
23, 43
Let m = 40313 - 23437. What are the prime factors of m?
2, 4219
Let d be 215*2*(-133)/(-38). Suppose -12*a = -d - 4579. Let h = a + -356. What are the prime factors of h?
151
Let f be 2402/7 - -2*(-3)/42. Let m = f - 209. What are the prime factors of m?
2, 67
Let g be (-2)/6 + 5/(-3). Let b(z) be the second derivative of -2*z**5/5 - z**4/6 - 2*z**3/3 - z**2 - 77*z. What are the prime factors of b(g)?
2, 31
Suppose -3*x + 5*v - v = 72, 0 = -5*x - 4*v - 88. List the prime factors of 9/((-45)/x)*258/4.
2, 3, 43
Suppose -150*b - 60138 = -168*b. What are the prime factors of b?
13, 257
Let m = 56 - 54. Suppose -3*x + x - 3*s - 18 = 0, -m*x = -3*s - 6. List the prime factors of (-1)/x - (150/(-9))/1.
17
Let g be (-3 - (-22)/(-10))*220. Let x = -746 -